8 is divided by 46?
40
What is the remainder when 9680 is divided by 4726?
228
What is the remainder when 234576 is divided by 13798?
10
What is the remainder when 860 is divided by 128?
92
Calculate the remainder when 93671 is divided by 119.
18
Calculate the remainder when 11872 is divided by 742.
0
What is the remainder when 989 is divided by 283?
140
What is the remainder when 2168 is divided by 214?
28
What is the remainder when 101376 is divided by 206?
24
Calculate the remainder when 6889 is divided by 6827.
62
Calculate the remainder when 1310 is divided by 18.
14
What is the remainder when 1696334 is divided by 6?
2
What is the remainder when 34317 is divided by 582?
561
What is the remainder when 71289 is divided by 71279?
10
Calculate the remainder when 7526 is divided by 697.
556
Calculate the remainder when 6895 is divided by 502.
369
What is the remainder when 1170 is divided by 198?
180
Calculate the remainder when 69798 is divided by 10.
8
Calculate the remainder when 762 is divided by 728.
34
What is the remainder when 754 is divided by 364?
26
Calculate the remainder when 1250207 is divided by 56.
7
What is the remainder when 7626 is divided by 1870?
146
Calculate the remainder when 2533 is divided by 2089.
444
What is the remainder when 736 is divided by 307?
122
Calculate the remainder when 176540 is divided by 155.
150
Calculate the remainder when 660 is divided by 21.
9
What is the remainder when 4368 is divided by 505?
328
What is the remainder when 88527 is divided by 973?
957
Calculate the remainder when 519265 is divided by 21.
19
What is the remainder when 477742 is divided by 3981?
22
What is the remainder when 43198 is divided by 225?
223
What is the remainder when 11760 is divided by 14?
0
What is the remainder when 30962 is divided by 135?
47
What is the remainder when 2111 is divided by 261?
23
Calculate the remainder when 19443 is divided by 527.
471
What is the remainder when 84027 is divided by 831?
96
Calculate the remainder when 656897 is divided by 202.
195
Calculate the remainder when 81680 is divided by 161.
53
What is the remainder when 1058 is divided by 133?
127
Calculate the remainder when 478960 is divided by 941.
932
What is the remainder when 47809 is divided by 36?
1
Calculate the remainder when 2930 is divided by 322.
32
What is the remainder when 185232 is divided by 1494?
1470
What is the remainder when 228043 is divided by 94?
93
Calculate the remainder when 2118 is divided by 117.
12
What is the remainder when 43619 is divided by 14533?
20
Calculate the remainder when 158 is divided by 54.
50
What is the remainder when 8621 is divided by 716?
29
What is the remainder when 1910 is divided by 79?
14
Calculate the remainder when 68480 is divided by 1344.
1280
Calculate the remainder when 1012 is divided by 514.
498
Calculate the remainder when 329689 is divided by 118.
115
What is the remainder when 6071 is divided by 6041?
30
Calculate the remainder when 11171 is divided by 860.
851
What is the remainder when 5695 is divided by 364?
235
Calculate the remainder when 2474 is divided by 42.
38
What is the remainder when 25934 is divided by 34?
26
What is the remainder when 26302 is divided by 184?
174
What is the remainder when 16126 is divided by 1373?
1023
Calculate the remainder when 99132 is divided by 1209.
1203
What is the remainder when 242175 is divided by 48432?
15
What is the remainder when 33549 is divided by 13?
9
What is the remainder when 830967 is divided by 105?
102
Calculate the remainder when 59394 is divided by 11878.
4
What is the remainder when 4214 is divided by 701?
8
Calculate the remainder when 7169 is divided by 1192.
17
What is the remainder when 3178 is divided by 27?
19
Calculate the remainder when 142 is divided by 66.
10
Calculate the remainder when 26973 is divided by 303.
6
Calculate the remainder when 28766 is divided by 58.
56
Calculate the remainder when 7433 is divided by 13.
10
Calculate the remainder when 36605 is divided by 10.
5
What is the remainder when 5362 is divided by 1717?
211
Calculate the remainder when 2573 is divided by 1928.
645
What is the remainder when 7845 is divided by 24?
21
What is the remainder when 29402 is divided by 98?
2
Calculate the remainder when 234 is divided by 167.
67
Calculate the remainder when 3934 is divided by 521.
287
What is the remainder when 14614 is divided by 14603?
11
Calculate the remainder when 3130 is divided by 175.
155
What is the remainder when 8879 is divided by 2958?
5
What is the remainder when 2571 is divided by 845?
36
What is the remainder when 2757 is divided by 212?
1
Calculate the remainder when 8981 is divided by 310.
301
Calculate the remainder when 189207 is divided by 6524.
11
What is the remainder when 46829 is divided by 836?
13
Calculate the remainder when 2048 is divided by 584.
296
Calculate the remainder when 182289 is divided by 44.
41
What is the remainder when 354325 is divided by 215?
5
Calculate the remainder when 3223 is divided by 1047.
82
What is the remainder when 3526 is divided by 75?
1
What is the remainder when 10208 is divided by 1696?
32
Calculate the remainder when 1338 is divided by 389.
171
What is the remainder when 2693 is divided by 193?
184
What is the remainder when 222703 is divided by 62?
61
Calculate the remainder when 33911 is divided by 285.
281
Calculate the remainder when 171801 is divided by 618.
615
Calculate the remainder when 5532 is divided by 176.
76
Calculate the remainder when 8914 is divided by 98.
94
Calculate the remainder when 5626 is divided by 610.
136
Calculate the remainder when 661 is divided by 386.
275
What is the remainder when 2223 is divided by 551?
19
What is the remainder when 10442 is divided by 2085?
17
Calculate the remainder when 100393 is divided by 80.
73
What is the remainder when 583699 is divided by 898?
897
What is the remainder when 2564 is divided by 318?
20
Calculate the remainder when 3269 is divided by 591.
314
Calculate the remainder when 251564 is divided by 347.
336
What is the remainder when 896 is divided by 45?
41
Calculate the remainder when 382249 is divided by 127414.
7
Calculate the remainder when 13129 is divided by 442.
311
What is the remainder when 4640 is divided by 34?
16
Calculate the remainder when 2665697 is divided by 437.
434
Calculate the remainder when 5680 is divided by 931.
94
What is the remainder when 8196 is divided by 372?
12
Calculate the remainder when 22650 is divided by 236.
230
Calculate the remainder when 6784 is divided by 1996.
796
What is the remainder when 19199 is divided by 2708?
243
Calculate the remainder when 146546 is divided by 36630.
26
What is the remainder when 1300632 is divided by 907?
901
Calculate the remainder when 45404 is divided by 22688.
28
What is the remainder when 2129 is divided by 251?
121
What is the remainder when 8743 is divided by 182?
7
What is the remainder when 2971 is divided by 331?
323
Calculate the remainder when 24162 is divided by 68.
22
Calculate the remainder when 37378 is divided by 304.
290
What is the remainder when 42967 is divided by 131?
130
What is the remainder when 48449 is divided by 1615?
1614
What is the remainder when 68960 is divided by 82?
80
What is the remainder when 111629 is divided by 1054?
959
Calculate the remainder when 4581 is divided by 32.
5
What is the remainder when 2145 is divided by 984?
177
What is the remainder when 8491 is divided by 274?
271
What is the remainder when 818 is divided by 58?
6
What is the remainder when 202377 is divided by 50593?
5
What is the remainder when 331186 is divided by 3486?
16
Calculate the remainder when 9023 is divided by 601.
8
Calculate the remainder when 241908 is divided by 4743.
15
What is the remainder when 2559 is divided by 58?
7
Calculate the remainder when 835388 is divided by 61.
54
Calculate the remainder when 4363 is divided by 150.
13
What is the remainder when 218 is divided by 86?
46
Calculate the remainder when 40193 is divided by 137.
52
Calculate the remainder when 184029 is divided by 20.
9
Calculate the remainder when 10437 is divided by 15.
12
Calculate the remainder when 2039 is divided by 153.
50
What is the remainder when 6848 is divided by 1845?
1313
Wh